{"id":28,"date":"2025-02-01T18:51:35","date_gmt":"2025-02-01T15:51:35","guid":{"rendered":"http:\/\/neurojuegos.com\/neurotecnologia\/?page_id=28"},"modified":"2025-11-13T22:24:30","modified_gmt":"2025-11-13T19:24:30","slug":"neurojuegos-nf","status":"publish","type":"page","link":"https:\/\/neurojuegos.com\/neurotecnologia\/","title":{"rendered":"Neurojuegos"},"content":{"rendered":"\t\t<div data-elementor-type=\"wp-page\" data-elementor-id=\"28\" class=\"elementor elementor-28\">\n\t\t\t\t<div class=\"elementor-element elementor-element-f69b040 e-con-full e-flex e-con e-parent\" data-id=\"f69b040\" data-element_type=\"container\" data-settings=\"{&quot;background_background&quot;:&quot;classic&quot;}\">\n\t\t\t\t<div class=\"elementor-element elementor-element-48b91428 elementor-widget elementor-widget-heading\" data-id=\"48b91428\" data-element_type=\"widget\" data-widget_type=\"heading.default\">\n\t\t\t\t<div class=\"elementor-widget-container\">\n\t\t\t\t\t<p class=\"elementor-heading-title elementor-size-small\">Neurociencias <br>\nOFRECEMOS Capacitaci\u00f3n y Software sobre Entrenamiento CEREBRAL y Cognitivo para Profesionales de diversas \u00e1reas que trabajen con clientes, alumnos \u00f3 pacientes.\n<br>BENEFICIOS: Bajar estr\u00e9s. Aumentar Concentraci\u00f3n. Mejorar Rendimiento f\u00edsico y cognitivo.<br> En forma simple.<br> Neurojuegos y Dispositivos Neurotecnol\u00f3gicos con Amplia evidencia cient\u00edfica<\/p>\t\t\t\t<\/div>\n\t\t\t\t<\/div>\n\t\t\t\t<\/div>\n\t\t<div class=\"elementor-element elementor-element-518d2a3b e-con-full e-flex e-con e-parent\" data-id=\"518d2a3b\" data-element_type=\"container\">\n\t\t\t\t<div class=\"elementor-element elementor-element-555f5b66 elementor-widget elementor-widget-image\" data-id=\"555f5b66\" data-element_type=\"widget\" data-widget_type=\"image.default\">\n\t\t\t\t<div class=\"elementor-widget-container\">\n\t\t\t\t\t\t\t\t\t\t\t\t<figure class=\"wp-caption\">\n\t\t\t\t\t\t\t\t\t\t<img fetchpriority=\"high\" decoding=\"async\" width=\"768\" height=\"439\" src=\"https:\/\/neurojuegos.com\/neurotecnologia\/wp-content\/uploads\/2025\/04\/hp-768x439.jpeg\" class=\"attachment-medium_large size-medium_large wp-image-571\" alt=\"\" srcset=\"https:\/\/neurojuegos.com\/neurotecnologia\/wp-content\/uploads\/2025\/04\/hp-768x439.jpeg 768w, https:\/\/neurojuegos.com\/neurotecnologia\/wp-content\/uploads\/2025\/04\/hp-300x171.jpeg 300w, https:\/\/neurojuegos.com\/neurotecnologia\/wp-content\/uploads\/2025\/04\/hp-1024x585.jpeg 1024w, https:\/\/neurojuegos.com\/neurotecnologia\/wp-content\/uploads\/2025\/04\/hp-1536x878.jpeg 1536w, https:\/\/neurojuegos.com\/neurotecnologia\/wp-content\/uploads\/2025\/04\/hp.jpeg 1792w\" sizes=\"(max-width: 768px) 100vw, 768px\" \/>\t\t\t\t\t\t\t\t\t\t\t<figcaption class=\"widget-image-caption wp-caption-text\">\u00a9 al centro Foto real y propia - derechos reservados<\/figcaption>\n\t\t\t\t\t\t\t\t\t\t<\/figure>\n\t\t\t\t\t\t\t\t\t<\/div>\n\t\t\t\t<\/div>\n\t\t\t\t<\/div>\n\t\t<div class=\"elementor-element elementor-element-52fcad82 e-flex e-con-boxed e-con e-parent\" data-id=\"52fcad82\" data-element_type=\"container\">\n\t\t\t\t\t<div class=\"e-con-inner\">\n\t\t\t\t<div class=\"elementor-element elementor-element-243bd619 elementor-widget elementor-widget-heading\" data-id=\"243bd619\" data-element_type=\"widget\" data-widget_type=\"heading.default\">\n\t\t\t\t<div class=\"elementor-widget-container\">\n\t\t\t\t\t<h1 class=\"elementor-heading-title elementor-size-default\">Ofrecemos Asesoramiento Integral.  \n<br>Neurociencias y Neurotecnolog\u00edas aplicadas a\nRENDIMIENTO F\u00cdSICO e INTELECTUAL. <br>Se puede lograr m\u00e1s CALMA MENTAL, Mejor PRODUCTIVIDAD y SATISFACCI\u00d3N con la VIDA<\/h1>\t\t\t\t<\/div>\n\t\t\t\t<\/div>\n\t\t\t\t\t<\/div>\n\t\t\t\t<\/div>\n\t\t\t\t<section class=\"elementor-section elementor-top-section elementor-element elementor-element-ab9cbd5 elementor-section-full_width elementor-section-height-default elementor-section-height-default\" data-id=\"ab9cbd5\" data-element_type=\"section\" data-settings=\"{&quot;background_background&quot;:&quot;classic&quot;}\">\n\t\t\t\t\t\t<div class=\"elementor-container elementor-column-gap-default\">\n\t\t\t\t\t<div class=\"elementor-column elementor-col-100 elementor-top-column elementor-element elementor-element-48c37b12\" data-id=\"48c37b12\" data-element_type=\"column\">\n\t\t\t<div class=\"elementor-widget-wrap elementor-element-populated\">\n\t\t\t\t\t\t<div class=\"elementor-element elementor-element-7c65d131 elementor-widget elementor-widget-heading\" data-id=\"7c65d131\" data-element_type=\"widget\" data-widget_type=\"heading.default\">\n\t\t\t\t<div class=\"elementor-widget-container\">\n\t\t\t\t\t<h1 class=\"elementor-heading-title elementor-size-default\"><br>CAPACITACIONES - ZOOM <br><\/h1>\t\t\t\t<\/div>\n\t\t\t\t<\/div>\n\t\t\t\t\t<\/div>\n\t\t<\/div>\n\t\t\t\t\t<\/div>\n\t\t<\/section>\n\t\t<div class=\"elementor-element elementor-element-2aea8c8 e-con-full e-flex e-con e-parent\" data-id=\"2aea8c8\" data-element_type=\"container\">\n\t\t\t\t<div class=\"elementor-element elementor-element-6ccbc64 elementor-widget elementor-widget-text-editor\" data-id=\"6ccbc64\" data-element_type=\"widget\" data-widget_type=\"text-editor.default\">\n\t\t\t\t<div class=\"elementor-widget-container\">\n\t\t\t\t\t\t\t\t\t<p>Todos los meses hacemos 3 capacitaciones, 2 por zoom y una presencial. Consultanos para aprender c\u00f3mo poner en marcha este servicio para agregarle valor a tu actividad profesional. Solamente asesoramos sobre estas herramientas que cuentan con amplia evidencia cient\u00edfica. Utilizamos APP para celular y tambi\u00e9n dispositivos neurotecnol\u00f3gicos entre 5 y 32 sensores.<\/p>\t\t\t\t\t\t\t\t<\/div>\n\t\t\t\t<\/div>\n\t\t\t\t<\/div>\n\t\t\t\t<section class=\"elementor-section elementor-top-section elementor-element elementor-element-385396c7 elementor-section-boxed elementor-section-height-default elementor-section-height-default\" data-id=\"385396c7\" data-element_type=\"section\">\n\t\t\t\t\t\t<div class=\"elementor-container elementor-column-gap-default\">\n\t\t\t\t\t<div class=\"elementor-column elementor-col-100 elementor-top-column elementor-element elementor-element-60ff0678\" data-id=\"60ff0678\" data-element_type=\"column\">\n\t\t\t<div class=\"elementor-widget-wrap elementor-element-populated\">\n\t\t\t\t\t\t\t<\/div>\n\t\t<\/div>\n\t\t\t\t\t<\/div>\n\t\t<\/section>\n\t\t\t\t<section class=\"elementor-section elementor-top-section elementor-element elementor-element-72267e28 elementor-section-height-min-height elementor-section-content-top elementor-section-full_width elementor-section-height-default elementor-section-items-middle\" data-id=\"72267e28\" data-element_type=\"section\" id=\"pricing\">\n\t\t\t\t\t\t<div class=\"elementor-container elementor-column-gap-default\">\n\t\t\t\t\t<div class=\"elementor-column elementor-col-100 elementor-top-column elementor-element elementor-element-18a94380\" data-id=\"18a94380\" data-element_type=\"column\">\n\t\t\t<div class=\"elementor-widget-wrap elementor-element-populated\">\n\t\t\t\t\t\t<div class=\"elementor-element elementor-element-6e8c3a39 elementor-widget elementor-widget-heading\" data-id=\"6e8c3a39\" data-element_type=\"widget\" data-widget_type=\"heading.default\">\n\t\t\t\t<div class=\"elementor-widget-container\">\n\t\t\t\t\t<h2 class=\"elementor-heading-title elementor-size-xl\">NEUROFEEDBACK &amp; NEUROTECNOLOG\u00cdAS<\/h2>\t\t\t\t<\/div>\n\t\t\t\t<\/div>\n\t\t\t\t<div class=\"elementor-element elementor-element-48ff32c1 elementor-widget elementor-widget-text-editor\" data-id=\"48ff32c1\" data-element_type=\"widget\" data-widget_type=\"text-editor.default\">\n\t\t\t\t<div class=\"elementor-widget-container\">\n\t\t\t\t\t\t\t\t\t<p>Entrenamos con equipos de\u00a0 Neurotecnolog\u00eda y APP para celular que lideran Investigaciones cient\u00edficas. En concreto, tienen\u00a0 muchos a\u00f1os de testeos en cuanto a su eficacia. Utilizamos dispositivos que tienen entre 5 y 32 sensores cerebrales. Adaptamos el software a pedido, con gr\u00e1ficas personalizadas y protocolos de entrenamiento personalizado.<\/p><ul><li>Ideal para Mejorar el Rendimiento de las personas que trabajan, estudian y\/\u00f3 hacen entrenamiento f\u00edsico<\/li><li>Se hace un Mapeo Inicial y luego sesiones personalizadas Con una APP y Neurojuegos.<\/li><li>Mindfulness MBSR para controlar el estr\u00e9s , y sesiones de Neurofeedback (se utiliza dispositivo con sensores, l\u00edder en Investigaciones cient\u00edficas).\u00a0 Muchos deportistas, atletas, empresarios, pol\u00edticos, emprendedores\u00a0 y artistas en el mundo entrenan con los mismos dispositivos y\/\u00f3 herramientas.<\/li><\/ul>\t\t\t\t\t\t\t\t<\/div>\n\t\t\t\t<\/div>\n\t\t\t\t\t<\/div>\n\t\t<\/div>\n\t\t\t\t\t<\/div>\n\t\t<\/section>\n\t\t<div class=\"elementor-element elementor-element-20cae8e5 e-con-full e-flex e-con e-parent\" data-id=\"20cae8e5\" data-element_type=\"container\">\n\t\t\t\t<div class=\"elementor-element elementor-element-1b5db2bd elementor-widget elementor-widget-heading\" data-id=\"1b5db2bd\" data-element_type=\"widget\" data-widget_type=\"heading.default\">\n\t\t\t\t<div class=\"elementor-widget-container\">\n\t\t\t\t\t<h2 class=\"elementor-heading-title elementor-size-default\">Capacitamos en el uso de Software y NEUROJUEGOS<\/h2>\t\t\t\t<\/div>\n\t\t\t\t<\/div>\n\t\t\t\t<\/div>\n\t\t<div class=\"elementor-element elementor-element-6ec1cd4e e-con-full e-flex e-con e-parent\" data-id=\"6ec1cd4e\" data-element_type=\"container\">\n\t\t\t\t<div class=\"elementor-element elementor-element-3d657bac elementor-widget elementor-widget-image\" data-id=\"3d657bac\" data-element_type=\"widget\" data-widget_type=\"image.default\">\n\t\t\t\t<div class=\"elementor-widget-container\">\n\t\t\t\t\t\t\t\t\t\t\t\t\t\t\t<img decoding=\"async\" width=\"768\" height=\"439\" src=\"https:\/\/neurojuegos.com\/neurotecnologia\/wp-content\/uploads\/2025\/04\/canto35-768x439.jpeg\" class=\"attachment-medium_large size-medium_large wp-image-572\" alt=\"\" srcset=\"https:\/\/neurojuegos.com\/neurotecnologia\/wp-content\/uploads\/2025\/04\/canto35-768x439.jpeg 768w, https:\/\/neurojuegos.com\/neurotecnologia\/wp-content\/uploads\/2025\/04\/canto35-300x171.jpeg 300w, https:\/\/neurojuegos.com\/neurotecnologia\/wp-content\/uploads\/2025\/04\/canto35-1024x585.jpeg 1024w, https:\/\/neurojuegos.com\/neurotecnologia\/wp-content\/uploads\/2025\/04\/canto35-1536x878.jpeg 1536w, https:\/\/neurojuegos.com\/neurotecnologia\/wp-content\/uploads\/2025\/04\/canto35.jpeg 1792w\" sizes=\"(max-width: 768px) 100vw, 768px\" \/>\t\t\t\t\t\t\t\t\t\t\t\t\t\t\t<\/div>\n\t\t\t\t<\/div>\n\t\t\t\t<\/div>\n\t\t<div class=\"elementor-element elementor-element-bf4636e e-flex e-con-boxed e-con e-parent\" data-id=\"bf4636e\" data-element_type=\"container\">\n\t\t\t\t\t<div class=\"e-con-inner\">\n\t\t\t\t<div class=\"elementor-element elementor-element-5678cb21 elementor-widget elementor-widget-text-editor\" data-id=\"5678cb21\" data-element_type=\"widget\" data-widget_type=\"text-editor.default\">\n\t\t\t\t<div class=\"elementor-widget-container\">\n\t\t\t\t\t\t\t\t\t<p><strong>PATROCINAR<\/strong> significa que cada vez que alguien contrata un servicio desde <a href=\"https:\/\/spacerebral.com\/brain\/contacto\/\" target=\"_blank\" rel=\"noopener\">aqu\u00ed,<\/a> las ganancias se invierten en los honorarios profesionales de quienes hacen m\u00e1s Investigaci\u00f3n Cient\u00edfica. Adherimos al lema del Club Triple Impacto que dice: &#8220;Cada vez que uno Compra algo, producto \u00f3 servicio, elige el mundo en el cual quiere vivir&#8221;.\u00a0 Si est\u00e1s pensando en incorporar Neurociencias y Neurotecnolog\u00edas <span style=\"color: #008080;\"><a style=\"color: #008080;\" href=\"https:\/\/neurojuegos.com\/neurotecnologia\/contacto\/\" target=\"_blank\" rel=\"noopener\">Contactanos<\/a>\u00a0<\/span><\/p><p><strong>\u00bfQu\u00e9 podr\u00edas agregar a tus servicios?<\/strong>: Mapeo Cerebral, Electroencefalograma Q,\u00a0 entrenamiento con neurotecnolog\u00edas y Mindfulness.<br \/>Ideal para entrenar y mejorar la vida de las personas desde los 7 a\u00f1os y hasta muy avanzada la tercera edad&#8230; sin invadir la intimidad. Porque <strong>es un ENTRENAMIENTO con tecnolog\u00eda&#8230; \u00a1no es necesario contarle la vida a nadie!<\/strong> Esto alivia tanto a profesionales como a las personas que van a entrenarse&#8230; \u00a1Hay tanta evidencia cient\u00edfica revisada por pares!<\/p><p>El dispositivo toma los datos y la persona obtiene una rutina de entrenamiento que har\u00e1 con una APP (sin sensores) y con sesiones utilizando sensores en la cabeza.<\/p><p><strong>\u00a1Es hora de Descubrir todo lo que puede ofrecerte la Neurotecnolog\u00eda, en especial para entrenamiento cognitivo!<\/strong><\/p>\t\t\t\t\t\t\t\t<\/div>\n\t\t\t\t<\/div>\n\t\t\t\t\t<\/div>\n\t\t\t\t<\/div>\n\t\t\t\t<section class=\"elementor-section elementor-top-section elementor-element elementor-element-17cc8a02 elementor-section-height-min-height elementor-section-items-top elementor-section-content-top elementor-section-boxed elementor-section-height-default\" data-id=\"17cc8a02\" data-element_type=\"section\" data-settings=\"{&quot;background_background&quot;:&quot;gradient&quot;}\">\n\t\t\t\t\t\t\t<div class=\"elementor-background-overlay\"><\/div>\n\t\t\t\t\t\t\t<div class=\"elementor-container elementor-column-gap-default\">\n\t\t\t\t\t<div class=\"elementor-column elementor-col-100 elementor-top-column elementor-element elementor-element-277aae9\" data-id=\"277aae9\" data-element_type=\"column\">\n\t\t\t<div class=\"elementor-widget-wrap elementor-element-populated\">\n\t\t\t\t\t\t<div class=\"elementor-element elementor-element-6b403416 elementor-widget elementor-widget-spacer\" data-id=\"6b403416\" data-element_type=\"widget\" data-widget_type=\"spacer.default\">\n\t\t\t\t<div class=\"elementor-widget-container\">\n\t\t\t\t\t\t\t<div class=\"elementor-spacer\">\n\t\t\t<div class=\"elementor-spacer-inner\"><\/div>\n\t\t<\/div>\n\t\t\t\t\t\t<\/div>\n\t\t\t\t<\/div>\n\t\t\t\t<div class=\"elementor-element elementor-element-19f733d1 elementor-widget elementor-widget-heading\" data-id=\"19f733d1\" data-element_type=\"widget\" data-widget_type=\"heading.default\">\n\t\t\t\t<div class=\"elementor-widget-container\">\n\t\t\t\t\t<h2 class=\"elementor-heading-title elementor-size-default\">ENTRENAMIENTO PARA EQUILIBRAR <\/h2>\t\t\t\t<\/div>\n\t\t\t\t<\/div>\n\t\t\t\t<div class=\"elementor-element elementor-element-61c60113 elementor-widget elementor-widget-heading\" data-id=\"61c60113\" data-element_type=\"widget\" data-widget_type=\"heading.default\">\n\t\t\t\t<div class=\"elementor-widget-container\">\n\t\t\t\t\t<h2 class=\"elementor-heading-title elementor-size-default\">CUERPO Y MENTE<\/h2>\t\t\t\t<\/div>\n\t\t\t\t<\/div>\n\t\t\t\t<div class=\"elementor-element elementor-element-6026ea13 elementor-widget elementor-widget-text-editor\" data-id=\"6026ea13\" data-element_type=\"widget\" data-widget_type=\"text-editor.default\">\n\t\t\t\t<div class=\"elementor-widget-container\">\n\t\t\t\t\t\t\t\t\t<p>CON SESIONES DE NEUROTECNOLOG\u00cdA SE PUEDEN OBTENER MUCHOS LOGROS QUE PERDURAR\u00c1N<\/p><p>OFRECEMOS Capacitaci\u00f3n en ENTRENAMIENTOS QUE CUENTAN CON MUCHA EVIDENCIA E INVESTIGACI\u00d3N CIENT\u00cdFICA.<\/p><p>La Neurotecnolog\u00eda no ha sido tomada por ninguna carrera universitaria ya que combina neurolog\u00eda, tecnolog\u00eda, medicina,\u00a0 neuropsicolog\u00eda, psicolog\u00eda, tecnicaturas varias, deportes y otras actividades profesionales.<\/p><p>Por ese motivo el Entrenamiento cerebral \u00f3 mental, con Neurotecnolog\u00edas, NO est\u00e1 considerado algo m\u00e9dico. Es como jugar con videojuegos, solo que los neurojuegos propuestos tienen protocolos especiales (no son los mismos que los de la Play) y han sido estudiados por cient\u00edficos.<\/p>\t\t\t\t\t\t\t\t<\/div>\n\t\t\t\t<\/div>\n\t\t\t\t\t<\/div>\n\t\t<\/div>\n\t\t\t\t\t<\/div>\n\t\t<\/section>\n\t\t<div class=\"elementor-element elementor-element-36e78080 e-flex e-con-boxed e-con e-parent\" data-id=\"36e78080\" data-element_type=\"container\">\n\t\t\t\t\t<div class=\"e-con-inner\">\n\t\t\t\t<div class=\"elementor-element elementor-element-5bd43011 elementor-widget elementor-widget-text-editor\" data-id=\"5bd43011\" data-element_type=\"widget\" data-widget_type=\"text-editor.default\">\n\t\t\t\t<div class=\"elementor-widget-container\">\n\t\t\t\t\t\t\t\t\t<p>Este entrenamiento con tecnolog\u00edas tiene evidencia cient\u00edfica, es considerado una herramienta para entrenar el cerebro (\u00f3 la mente como dicen algunos) y no tiene nada que ver con medicina. Es un ENTRENAMIENTO, no es un tratamiento.<\/p>\n<p>Aunque algunos profesionales de la salud (con matr\u00edcula) utilizan estas herramientas, no lo hacen en nombre de su profesi\u00f3n sino que toman esta herramienta como \u00fatil para agregar valor a su consulta.<\/p>\n<p>As\u00ed como la meditaci\u00f3n \u00f3 el mindfulness no es medicina, este entrenamiento tampoco. Y ning\u00fan profesional se lo puede adjudicar como privativo de su profesi\u00f3n, es universal como la meditaci\u00f3n. Solo que aqu\u00ed la meditaci\u00f3n \u00f3 el mindfulness se hace apalancado con tecnolog\u00edas.<\/p>\n<p>Es responsabilidad de cada persona hacer las consultas m\u00e9dicas que considere, ya que este entrenamiento no reemplaza ning\u00fan tratamiento m\u00e9dico, neurol\u00f3gico, psicol\u00f3gico, psiqui\u00e1trico&#8230; que una persona pudiera necesitar. Por otro lado, toda persona que pueda hacerse un electroencefalograma * y\/\u00f3 utilizar computadoras \/ celulares&#8230; puede hacer entrenamiento cognitivo con estas herramientas in\u00f3cuas.<\/p>\n<p>*Aunque hay investigaciones de entrenamiento cerebral para personas con parkinson incluso<\/p>\t\t\t\t\t\t\t\t<\/div>\n\t\t\t\t<\/div>\n\t\t\t\t\t<\/div>\n\t\t\t\t<\/div>\n\t\t\t\t<\/div>\n\t\t","protected":false},"excerpt":{"rendered":"<p>Neurociencias OFRECEMOS Capacitaci\u00f3n y Software sobre Entrenamiento CEREBRAL y Cognitivo para Profesionales de diversas \u00e1reas que trabajen con clientes, alumnos \u00f3 pacientes. BENEFICIOS: Bajar estr\u00e9s. Aumentar Concentraci\u00f3n. Mejorar Rendimiento f\u00edsico y cognitivo. En forma simple. Neurojuegos y Dispositivos Neurotecnol\u00f3gicos con Amplia evidencia cient\u00edfica \u00a9 al centro Foto real y propia &#8211; derechos reservados Ofrecemos Asesoramiento [&hellip;]<\/p>\n","protected":false},"author":1,"featured_media":0,"parent":0,"menu_order":0,"comment_status":"closed","ping_status":"closed","template":"","meta":{"_siteseo_robots_primary_cat":"","footnotes":""},"class_list":["post-28","page","type-page","status-publish","hentry","entry"],"_links":{"self":[{"href":"https:\/\/neurojuegos.com\/neurotecnologia\/wp-json\/wp\/v2\/pages\/28","targetHints":{"allow":["GET"]}}],"collection":[{"href":"https:\/\/neurojuegos.com\/neurotecnologia\/wp-json\/wp\/v2\/pages"}],"about":[{"href":"https:\/\/neurojuegos.com\/neurotecnologia\/wp-json\/wp\/v2\/types\/page"}],"author":[{"embeddable":true,"href":"https:\/\/neurojuegos.com\/neurotecnologia\/wp-json\/wp\/v2\/users\/1"}],"replies":[{"embeddable":true,"href":"https:\/\/neurojuegos.com\/neurotecnologia\/wp-json\/wp\/v2\/comments?post=28"}],"version-history":[{"count":196,"href":"https:\/\/neurojuegos.com\/neurotecnologia\/wp-json\/wp\/v2\/pages\/28\/revisions"}],"predecessor-version":[{"id":706,"href":"https:\/\/neurojuegos.com\/neurotecnologia\/wp-json\/wp\/v2\/pages\/28\/revisions\/706"}],"wp:attachment":[{"href":"https:\/\/neurojuegos.com\/neurotecnologia\/wp-json\/wp\/v2\/media?parent=28"}],"curies":[{"name":"wp","href":"https:\/\/api.w.org\/{rel}","templated":true}]}}